et z(j) = 2*j + 12. Let p(t) = -11*q(t) + 6*z(t). Calculate p(m).
1
Let g(q) = 3*q + 2. Let r(z) = -4*z**2 - 22 + 5 - 8*z + 3*z**2. Let w be r(-5). What is g(w)?
-4
Let w(i) be the third derivative of 0*i + 0*i**4 - 13*i**2 + 1/30*i**5 + 0 + 1/60*i**6 - 1/6*i**3. What is w(1)?
3
Let f(n) = n - 4. Let q = -108 - -97. Determine f(q).
-15
Let t(n) be the third derivative of -n**6/120 - n**5/20 + n**4/8 - n**3/6 + 5*n**2 + 7*n. Give t(-4).
3
Let r(p) = 6*p - 4. Let o be r(2). Suppose 0 = 3*v - o - 1. Suppose 4*z - 7 = -v. Let i(j) = -2*j - 1. Determine i(z).
-3
Let b(y) = -y + 14. Let q be b(12). Suppose 2*w - n + 6 = 0, 4*w - q*n - n = -10. Let g(i) = -i. Determine g(w).
4
Let c(m) = m + 4. Suppose -14 = 2*o + 6. Let b be (7 + o)*(2 + -1). Let p be c(b). Let q(n) = 7*n**2. Determine q(p).
7
Let z(g) be the first derivative of -g**2/2 + 6*g - 62. Determine z(5).
1
Let m(w) = -7*w**2 + 11*w + 33. Let z(k) = 19*k**2 - 33*k - 99. Let h(g) = -8*m(g) - 3*z(g). What is h(14)?
-9
Let v = 64 - 69. Let x(z) = -4*z - 2. Let d(p) = -p. Let j(c) = -3*d(c) + x(c). Give j(v).
3
Let v(j) be the first derivative of j**4/4 - 4*j**3/3 + 3*j**2/2 - 62. Calculate v(2).
-2
Let o(v) = -v + 2. Let b(s) = 5 - 6 - 2*s - 7 - 7. Let y be b(-8). What is o(y)?
1
Let o(s) = s + 22. Suppose -3*b + 2*b + 8*b = 0. Determine o(b).
22
Let p(x) be the first derivative of -4*x + 33 - 1/2*x**2. Calculate p(-6).
2
Let h(g) = 4*g - 4. Let a be (7/28)/((-444)/(-112) - 4). Calculate h(a).
-32
Let x(j) = -j**3 - 2*j**2 - 9*j + 1. Let o(s) = -s**3 - 3*s**2 - 10*s + 1. Let k be (-2 - (-6 - 0))/((-8)/(-12)). Let b(t) = k*o(t) - 7*x(t). Determine b(3).
-1
Let m(c) = 4*c. Let j(r) = -5*r - 5. Let i be j(-3). Let k(z) = i*z + 1 - 4*z - 7*z. Let s(y) = 3*k(y) + m(y). Determine s(6).
9
Let z be (-598)/(-143) + (-4)/22. Let w(l) = l**3 + l**2 + l. Let g(x) = 5*x**3 + 10*x**2 + 4*x + 6. Let i(r) = -g(r) + 6*w(r). Give i(z).
2
Let d(g) = -4*g + 14. Let q be 7/(-1) - -2 - -11. Determine d(q).
-10
Let m(v) = -3*v**3 - 189*v**2 - 4*v + 5 + 196*v**2 + 2*v**3. Determine m(6).
17
Suppose -3*w - 2*w - 2*r - 146 = 0, -3*w = 2*r + 90. Let p be (8/(-28))/((-54)/w - 2). Let v(d) = -2*d + 3. Give v(p).
-5
Let w = 52 - 45. Suppose w*u - 5 = 2*u. Let j(x) = 14*x**3 - x**2. What is j(u)?
13
Let q(o) = -o**2 - 18*o - 11. Let h be q(-17). Let d(p) = -p**3 + 4*p**2 + 4*p + 6. Calculate d(h).
-42
Let j(h) = h**2 + 2*h**2 + h**3 + 5 + 0 + 3*h - 5*h. Suppose -40*s + 56 - 216 = 0. Determine j(s).
-3
Let d = 2828 - 2834. Let a(r) = -r - 1. Let k(q) = 3*q + 2 - q + q. Let h(x) = 7*a(x) + 2*k(x). Calculate h(d).
3
Let i(d) = -24*d**2. Suppose u + 2*o = 11, -2*o + 3*o = -5*u + 10. Calculate i(u).
-24
Suppose 25*k = 178 + 22. Let d(z) = z**2 - 5*z - 14. What is d(k)?
10
Let z be 8 + -4 + -1 + 1. Suppose -l - 25 = 3*v - 3*l, 5*v + z*l + 5 = 0. Let h(s) = -s**3 - 4*s**2 + 8*s + 7. Give h(v).
-8
Let h(v) = 3*v - 1. Let s(d) = -2*d + 1. Suppose 0 = -3*p + 2*k + 18, 0 = -5*p - 4*k + 8. Let i(g) = p*h(g) + 5*s(g). Let x be 4/2*(-40)/(-10) + -3. Give i(x).
11
Let i(d) = -d + 3. Suppose 0 = 2*h + 2*f - 8, f - 10 = -4*h + 2*h. Suppose -2*m + 0 = -h. Determine i(m).
0
Let y(d) = -d + 4. Suppose 0 = -2*t + f + 14, 3*t - 8*t + 41 = -4*f. Suppose 2*g - 5*g - t*j = 15, -2*j + 5 = -g. Give y(g).
9
Suppose 16*j - 13*j + 6 = 0. Let i be (1/2*j)/(4/20). Let m(y) = y + 4. What is m(i)?
-1
Let y be (240/(-42))/8 + (-4)/14. Let w(p) = 5*p + 1. Let s(k) = -k. Let h(u) = y*w(u) - 4*s(u). Determine h(-1).
0
Let o(p) = -3*p**2 + 2*p + 3. Let n(l) = -4*l**3 - 19*l**2 + 7. Let f(b) = 3*b**3 + 19*b**2 - 6. Let a(d) = 5*f(d) + 4*n(d). Let s be a(19). What is o(s)?
-13
Let q(c) be the third derivative of c**5/60 - c**4/24 + c**3 + 3*c**2 + 5. What is q(0)?
6
Let p(h) be the second derivative of h**5/20 + h**4/12 - h**3/6 - 9*h**2/2 - 2*h + 253. Determine p(0).
-9
Let c(f) be the first derivative of 3*f**2/2 + 4*f - 711. Give c(-9).
-23
Let q be (-6)/((12 + -2)/5). Let y(f) = f + 2. Determine y(q).
-1
Let a(k) = -k - 33 + 84 - 40. What is a(11)?
0
Let p(b) = b**2 + 2*b + 1. Suppose 0 = -k + j - 1, -4*k + 2*j - 2 = -6. Let v = k + 1. Suppose -v*g - a = -2*a + 9, -5*g = 3*a + 7. Give p(g).
1
Let z(u) = -u**3 - 5*u**2. Let h = -16 + 10. Let t(l) = 2*l - 7. Let j be t(4). Let y = j + h. What is z(y)?
0
Let l(f) = 2*f + 3*f**2 + 7 + 12*f**2 - 5*f**2 + f**3 + f**2 + 7*f. Calculate l(-10).
17
Suppose 90 = 5*n - 25. Suppose -l - n = 4*g + 2*l, 0 = 2*g + 5*l + 29. Let o be (-6 - -6) + 1*g. Let t(x) = 4*x + 3. Calculate t(o).
-5
Let m be 7 + -6 + 1 - -4. Let k(r) = -7*r**2 - 44*r + m + r**3 + 38*r + 2*r**2. Suppose -11 - 7 = -3*z. Determine k(z).
6
Let c = 262 - 266. Let m(z) = -z**3 - z. Let f(n) = 3*n**3 + 5*n**2 + 6*n - 4. Let q(a) = f(a) + 2*m(a). Give q(c).
-4
Let p(i) = i**2 + 15*i - 4. Let h(d) = -d**2 - 16*d + 7. Let j(a) = 2*h(a) + 3*p(a). Determine j(-13).
2
Let o(l) be the third derivative of -l**6/24 - l**5/60 + l**3/6 + 24*l**2 - 2. What is o(1)?
-5
Let r be 12*-1*((-847)/28 - -2). Let b(d) = d - 339 + r. Suppose -t - 3*s = 1, -4*t - 6 - 6 = 4*s. What is b(t)?
-4
Let m(y) = -8*y + 9*y + 0*y + 8. Let b be m(-3). Let r(g) = -b - 8*g + 8 - 2 + 7*g. Calculate r(-3).
4
Suppose -20*y + 18*y - 8 = 0. Let t(g) = -g**3 - 3*g**2 + 3*g + 1. What is t(y)?
5
Let a(c) be the second derivative of c**3/6 + 5*c**2/2 + 107*c. Determine a(-8).
-3
Suppose 3*s - 110 = -95. Let b(r) = r**2 - 4*r - 1. Give b(s).
4
Let i(o) = 29*o**2 + o - 1. Suppose x + 1 = 2*l, 31*l - 1 = 3*x + 27*l. Calculate i(x).
29
Suppose 12 - 21 = -3*y. Let z = 2 + 0. Let r(s) = -3*s**z - y + 0 + 3*s**2 + s**2 - s. Determine r(-3).
9
Let l be ((-24)/(-14))/(0 - 20/70). Let m(x) = -x**2 - 3*x + 6. Let h(t) = -t**2 - 2*t + 7. Let y(k) = 3*h(k) - 4*m(k). Calculate y(l).
-3
Let l(g) = -g**3 - 6*g**2 - g - 6. Let q(w) = -4*w**3 - 17*w**2 - 2*w - 19. Let h(j) = 7*l(j) - 2*q(j). Give h(8).
-28
Let s(o) = -o**2 + 6*o + 7. Let v(t) = -4*t**2 + 18*t + 22. Let b(f) = -7*s(f) + 2*v(f). What is b(-6)?
-5
Let v(a) = a**2 - 4*a + 3. Suppose i + 28 = 5*i. Let k(x) = 2*x**2 - 10*x + 6. Let g(m) = i*v(m) - 3*k(m). What is g(-3)?
6
Suppose s + 9 = 3. Let w(b) = 2*b + 5 - 2*b**2 + 6*b + 1 + 3*b**2. What is w(s)?
-6
Let t(v) = -4*v**3 - 6*v**2 - 5*v + 36. Let y(k) = 3*k**3 + 6*k**2 + 4*k - 28. Let g(l) = -2*t(l) - 3*y(l). Calculate g(-5).
-3
Let c(h) = -h**3 + 10*h**2 - 10*h - 4. Let t(z) = z**2 + 90*z - 270. Let s be t(3). Determine c(s).
-13
Let h(k) = -2*k**3 + 2*k**2 - 2. Suppose -5*n - f = -3, -4*f = -4*n - 0*n + 12. Determine h(n).
-2
Suppose -6*j + 9*j = w - 2*w, 0 = 5*j. Let n(b) be the second derivative of 0 + w*b**2 - 4/3*b**3 + 5*b. Give n(-1).
8
Let z = 64 + -62. Let a(w) = 3207 + 3*w**3 - 3207 + 2*w - 3*w**z. Give a(2).
16
Suppose 160 = -5*b + 15*b. Let s(f) = -f + 22. What is s(b)?
6
Let o(c) be the second derivative of c**4/24 - 3*c**3 - 20*c**2 + 8*c. Let l(n) be the first derivative of o(n). What is l(0)?
-18
Let x(u) be the third derivative of -u**4/24 + u**2 + 5. What is x(0)?
0
Let b be ((-8)/10 + 2)*(-70)/(-21). Let d(h) = 14*h - 12*h - 2 - b. Determine d(4).
2
Let k(s) = -6*s + 177. Let l be k(28). Let r(f) = f**3 - 8*f**2 - 11*f + 13. Give r(l).
-5
Let r(v) = -7*v**2 + 7*v + 4. Let q(j) = 11*j**2 - 13*j - 7. Let h(f) = 3*q(f) + 5*r(f). What is h(3)?
-31
Let j(m) = -5480*m**2 - 1 + 5481*m**2 + 8*m + 8. Determine j(-5).
-8
Let m be (65/(-39))/(5/(-15)). Let k(l) = -4*l - 4. Calculate k(m).
-24
Let p(z) = z - 5. Let g(w) = 9*w**2 + w - 1. Let u be g(1). Let s = u - 5. Suppose s*n - 4*h + 12 + 0 = 0, -9 = -4*n - 3*h. Determine p(n).
-5
Let m = -6 - -8. Suppose 0 = 2*c + v + 1, 5*c + 0*v + 25 = m*v. Let a(o) = o**3 + 2*o**2 - 3*o - 4. What is a(c)?
-4
Let s = -8 + 63. Let l = s - 56. Let q(n) = 8*n**3 + n**2 + n + 1. What is q(l)?
-7
Suppose -67*v = 3*v - 280. Let t(d) be the second derivative of 0 + 6*d + 0*d**3 - 3/2*d**2 + 0*d**v + 1/20*d**5. Give t(0).
-3
Let i(g) be the third derivative of -g**6/180 - g**5/40 - 7*g**3/3 + 14*g**2. Let d(z) be the first derivative of i(z). Suppose 2*k = -3 - 1. Determine d(k).
-2
Let n(k) = 37 + k - 19 - 18 - 8. Determine n(9).
1
Suppose -5*c = -3 - 12. Suppose 0 = 16*k - 1 - 15. Let p(m) = -2 + 2*m**2 - 2*m**3 - 20*m + m**3 - k + 21*m. Give p(c).
-9
Let o(l) = -5